{"id":21,"date":"2019-11-25T18:31:25","date_gmt":"2019-11-25T18:31:25","guid":{"rendered":"https:\/\/tidansvf.vattenorg.se\/?page_id=21"},"modified":"2019-12-28T19:53:28","modified_gmt":"2019-12-28T19:53:28","slug":"om-tidan","status":"publish","type":"page","link":"https:\/\/tidansvf.vattenorg.se\/?page_id=21","title":{"rendered":"Tidan"},"content":{"rendered":"\n<h4 class=\"wp-block-heading\">Tidan<\/h4>\n\n\n\n<div class=\"wp-block-image\"><figure class=\"alignright size-large is-resized\"><img loading=\"lazy\" decoding=\"async\" src=\"https:\/\/tidansvf.vattenorg.se\/wp-content\/uploads\/2019\/11\/tidansavrolitenfarg.gif\" alt=\"\" class=\"wp-image-22\" width=\"165\" height=\"387\"\/><\/figure><\/div>\n\n\n\n<p>Tidans avrinningsomr\u00e5de \u00e4r sammanlagt ca 2230 km\u00b2 med en sj\u00f6andel p\u00e5 ca 2 %, vilket \u00e4r att betrakta som litet. Tidan har sitt k\u00e4llomr\u00e5de i Str\u00e4ngseredssj\u00f6n och rinner norrut genom sj\u00f6arna Jogen, V\u00e5llern, Br\u00e4ngen, N\u00e4ssj\u00f6n och Str\u00e5ken, sedan vidare genom sj\u00f6n \u00d6sten f\u00f6r att mynna i V\u00e4nern vid Mariestad. P\u00e5 sin krokiga v\u00e4g passerar \u00e5n ett flertal kommuner och fylls p\u00e5 av m\u00e5nga mindre vattendrag. Det st\u00f6rsta tillfl\u00f6det \u00e4r vattendraget \u00d6san som utg\u00f6r ca 20 % av Tidans avrinningsomr\u00e5de. Efter 185 km n\u00e5r Tidan slutligen Mariestad, d\u00e4r \u00e5n mynnar ut i V\u00e4nern. Fallh\u00f6jden mellan Str\u00e4ngseredssj\u00f6n och V\u00e4nern \u00e4r 249 meter.<\/p>\n\n\n\n<p>Klicka <a target='_blank'      href='https:\/\/tidansvf.vattenorg.se\/?wpdmdl=69'>h\u00e4r<\/a> f\u00f6r att ladda ner ett infoblad om Tidan.<\/p>\n\n\n\n<p>Vattenkvaliten pr\u00e4glas av omgivande jordbruksmark, t\u00e4torternas reningsverk och enskilda avloppsanl\u00e4ggningar, vilket medf\u00f6r h\u00f6ga fosfor och kv\u00e4vehalter. Den biologiska produktionen \u00e4r h\u00f6g och bottenfaunan verkar litet p\u00e5verkad av n\u00e4rings\u00e4mnen\/organiskt material vid de lokaler som blivit unders\u00f6kta. Man finner faktiskt ovanliga arter och ett h\u00f6gt antal olika arter i vattendragen. Fiskfaunan i systemet \u00e4r ocks\u00e5 mycket artrikt med bland annat \u00f6ring, asp och f\u00e4rna.<\/p>\n\n\n\n<p>Klicka  <a target='_blank'      href='https:\/\/tidansvf.vattenorg.se\/?wpdmdl=246'>h\u00e4r<\/a>  f\u00f6r att ladda ned ett infoblad om naturv\u00e4rden i Tidan.<\/p>\n","protected":false},"excerpt":{"rendered":"<p>Tidan Tidans avrinningsomr\u00e5de \u00e4r sammanlagt ca 2230 km\u00b2 med en sj\u00f6andel p\u00e5 ca 2 %, vilket \u00e4r att betrakta som litet. Tidan har sitt k\u00e4llomr\u00e5de i Str\u00e4ngseredssj\u00f6n och rinner norrut genom sj\u00f6arna Jogen, V\u00e5llern, Br\u00e4ngen, N\u00e4ssj\u00f6n och Str\u00e5ken, sedan vidare genom sj\u00f6n \u00d6sten f\u00f6r att mynna i V\u00e4nern vid Mariestad. P\u00e5 sin krokiga v\u00e4g passerar\u2026 <span class=\"read-more\"><a href=\"https:\/\/tidansvf.vattenorg.se\/?page_id=21\">L\u00e4s mer &raquo;<\/a><\/span><\/p>\n","protected":false},"author":1,"featured_media":0,"parent":25,"menu_order":1,"comment_status":"closed","ping_status":"closed","template":"","meta":{"footnotes":""},"class_list":["post-21","page","type-page","status-publish","hentry"],"_links":{"self":[{"href":"https:\/\/tidansvf.vattenorg.se\/index.php?rest_route=\/wp\/v2\/pages\/21","targetHints":{"allow":["GET"]}}],"collection":[{"href":"https:\/\/tidansvf.vattenorg.se\/index.php?rest_route=\/wp\/v2\/pages"}],"about":[{"href":"https:\/\/tidansvf.vattenorg.se\/index.php?rest_route=\/wp\/v2\/types\/page"}],"author":[{"embeddable":true,"href":"https:\/\/tidansvf.vattenorg.se\/index.php?rest_route=\/wp\/v2\/users\/1"}],"replies":[{"embeddable":true,"href":"https:\/\/tidansvf.vattenorg.se\/index.php?rest_route=%2Fwp%2Fv2%2Fcomments&post=21"}],"version-history":[{"count":14,"href":"https:\/\/tidansvf.vattenorg.se\/index.php?rest_route=\/wp\/v2\/pages\/21\/revisions"}],"predecessor-version":[{"id":317,"href":"https:\/\/tidansvf.vattenorg.se\/index.php?rest_route=\/wp\/v2\/pages\/21\/revisions\/317"}],"up":[{"embeddable":true,"href":"https:\/\/tidansvf.vattenorg.se\/index.php?rest_route=\/wp\/v2\/pages\/25"}],"wp:attachment":[{"href":"https:\/\/tidansvf.vattenorg.se\/index.php?rest_route=%2Fwp%2Fv2%2Fmedia&parent=21"}],"curies":[{"name":"wp","href":"https:\/\/api.w.org\/{rel}","templated":true}]}}