{"id":59,"date":"2019-11-25T20:03:18","date_gmt":"2019-11-25T20:03:18","guid":{"rendered":"https:\/\/tidansvf.vattenorg.se\/?page_id=59"},"modified":"2024-04-11T21:28:23","modified_gmt":"2024-04-11T21:28:23","slug":"leva-projekt","status":"publish","type":"page","link":"https:\/\/tidansvf.vattenorg.se\/?page_id=59","title":{"rendered":"Minskad \u00f6verg\u00f6dning i Tidan"},"content":{"rendered":"\n<h4 class=\"wp-block-heading\">LOVA-projekt &#8211; <strong>\u00e5tg\u00e4rdssamordning<\/strong><\/h4>\n\n\n\n<p>Tidans Vattenf\u00f6rbund har tillsammans med Hush\u00e5llningss\u00e4llskapet LOVA-medel f\u00f6r \u00e5tg\u00e4rdssamordning (motsvarande en halvtidstj\u00e4nst) fram till och med 2023. Som \u00e5tg\u00e4rdssamordnare jobbar vi med mark\u00e4gare och lantbrukare f\u00f6r att minska \u00f6verg\u00f6dning och erosion. Vi \u00e4r bland annat intresserade av l\u00e4gen f\u00f6r v\u00e5tmarker och fosforf\u00e4llor f\u00f6r minskad \u00f6verg\u00f6dning, biologisk m\u00e5ngfald och \u00f6kad grundvattenbildning. Under 2020 till och med 2023 har Tidans VF m\u00f6jlighet att st\u00f6tta i arbetet med \u00e5tg\u00e4rder mot \u00f6verg\u00f6dning. F\u00f6r anl\u00e4ggandet av en v\u00e5tmark p\u00e5 r\u00e4tt plats i landskapet kan du f\u00e5 mellan 50-100 % av anl\u00e4ggningskostnaden. Efter hj\u00e4lp med anl\u00e4ggandet av v\u00e5tmark s\u00e5 kan milj\u00f6ers\u00e4ttning s\u00f6kas f\u00f6r sk\u00f6tsel av v\u00e5tmark. Det \u00e4r ett fem\u00e5rigt \u00e5tagande som ger 5000 kr per ha om det g\u00e4ller \u00e5kermark (4000 kr f\u00f6r \u00f6vrig mark) f\u00f6r v\u00e5tmarksarealen. Till det s\u00e5 kommer en sk\u00f6tselyta runt v\u00e5tmarken, d\u00e4r du f\u00e5r g\u00e5rdsst\u00f6d och \u00e4ven milj\u00f6ers\u00e4ttning f\u00f6r bete ofta med s\u00e4rskilda v\u00e4rden.<\/p>\n\n\n\n<figure class=\"wp-block-image size-large\"><img loading=\"lazy\" decoding=\"async\" width=\"1024\" height=\"329\" src=\"https:\/\/tidansvf.vattenorg.se\/wp-content\/uploads\/2020\/06\/KymboVatmarkBred-1024x329.jpg\" alt=\"\" class=\"wp-image-423\" srcset=\"https:\/\/tidansvf.vattenorg.se\/wp-content\/uploads\/2020\/06\/KymboVatmarkBred-1024x329.jpg 1024w, https:\/\/tidansvf.vattenorg.se\/wp-content\/uploads\/2020\/06\/KymboVatmarkBred-300x96.jpg 300w, https:\/\/tidansvf.vattenorg.se\/wp-content\/uploads\/2020\/06\/KymboVatmarkBred-768x247.jpg 768w, https:\/\/tidansvf.vattenorg.se\/wp-content\/uploads\/2020\/06\/KymboVatmarkBred-1536x493.jpg 1536w, https:\/\/tidansvf.vattenorg.se\/wp-content\/uploads\/2020\/06\/KymboVatmarkBred-2048x658.jpg 2048w, https:\/\/tidansvf.vattenorg.se\/wp-content\/uploads\/2020\/06\/KymboVatmarkBred-660x212.jpg 660w\" sizes=\"auto, (max-width: 1024px) 100vw, 1024px\" \/><figcaption class=\"wp-element-caption\">I Kymbotrakten har mark\u00e4garen i samarbete med Tidans Vattenf\u00f6rbund anlagt en v\u00e5tmark som ocks\u00e5 blivit n\u00e5got av en samlingspunkt i bygden och en fin plats att titta p\u00e5 f\u00e5glar. V\u00e5tmarken \u00e4r betald 90 procent med LBP och 10 procent fr\u00e5n Tidans vattenf\u00f6rbund.<\/figcaption><\/figure>\n\n\n\n<h4 class=\"wp-block-heading\">LOVA &#8211; medel till markv\u00e5rds\u00e5tg\u00e4rder<\/h4>\n\n\n\n<p>Genom \u00e5tg\u00e4rdssamordningen har vi s\u00f6kt medel f\u00f6r olika typer av insatser och har nu haft pengar till bland annat:<\/p>\n\n\n\n<figure class=\"wp-block-image size-large is-resized\"><img loading=\"lazy\" decoding=\"async\" width=\"664\" height=\"187\" src=\"https:\/\/tidansvf.vattenorg.se\/wp-content\/uploads\/2021\/06\/LOVA-tabell.jpg\" alt=\"Bidragstabell\" class=\"wp-image-500\" style=\"width:438px;height:auto\" srcset=\"https:\/\/tidansvf.vattenorg.se\/wp-content\/uploads\/2021\/06\/LOVA-tabell.jpg 664w, https:\/\/tidansvf.vattenorg.se\/wp-content\/uploads\/2021\/06\/LOVA-tabell-300x84.jpg 300w, https:\/\/tidansvf.vattenorg.se\/wp-content\/uploads\/2021\/06\/LOVA-tabell-660x186.jpg 660w\" sizes=\"auto, (max-width: 664px) 100vw, 664px\" \/><\/figure>\n\n\n\n<p>Projektet \u00e4r nu slutrapporterat (ladda ner <a       href='https:\/\/tidansvf.vattenorg.se\/?wpdmdl=747'>slutrapporten<\/a>) och vi s\u00f6ker nya medel f\u00f6r fortsatt \u00e5tg\u00e4rdssamordning. F\u00f6lj g\u00e4rna med p\u00e5 v\u00e5r <a href=\"https:\/\/www.facebook.com\/LOVATidan\" target=\"_blank\" rel=\"noreferrer noopener\">Facebook-sida<\/a>!<\/p>\n\n\n\n<h4 class=\"wp-block-heading\"><strong>Kontakt<\/strong><\/h4>\n\n\n\n<p>Susanne Johansson<br>Hush\u00e5llningss\u00e4llskapet V\u00e4stra, 0511-248 47<br>susanne.johansson@hushallningssallskapet.se<br><br>Sofia K\u00e4mpe<br>0733-10 78 69<br>sofia@torpetlantbruk.se<\/p>\n\n\n\n<h4 class=\"wp-block-heading\"><br>LEVA-projekt<\/h4>\n\n\n\n<p>LEVA-projektet avslutat -slutrapporten hittar du h\u00e4r: <a       href='https:\/\/tidansvf.vattenorg.se\/?wpdmdl=490'>slutrapport<\/a> och <a       href='https:\/\/tidansvf.vattenorg.se\/?wpdmdl=492'>bidragsbilaga<\/a>.<\/p>\n\n\n\n<p>Regeringen har gjort en stor satsning p\u00e5 lokalt engagemang i vatten -LEVA i 20 pilotomr\u00e5den, varav Tidan \u00e4r ett. H\u00e4r har Hush\u00e5llningss\u00e4llskapet och Tidans vattenf\u00f6rbund gjort en gemensam satsning. Engagerade i projektet \u00e4r Sofia K\u00e4mpe &amp; Maria H\u00f6ier. Ladda ned en pdf med information om projektet <a       href='https:\/\/tidansvf.vattenorg.se\/?wpdmdl=352'>h\u00e4r<\/a>!<\/p>\n\n\n\n<p><a       href='https:\/\/tidansvf.vattenorg.se\/?wpdmdl=381'>H\u00e4r<\/a> finns en artikel fr\u00e5n Skaraborgsbygden om LEVA-projektet.<\/p>\n\n\n\n<p><\/p>\n","protected":false},"excerpt":{"rendered":"<p>LOVA-projekt &#8211; \u00e5tg\u00e4rdssamordning Tidans Vattenf\u00f6rbund har tillsammans med Hush\u00e5llningss\u00e4llskapet LOVA-medel f\u00f6r \u00e5tg\u00e4rdssamordning (motsvarande en halvtidstj\u00e4nst) fram till och med 2023. Som \u00e5tg\u00e4rdssamordnare jobbar vi med mark\u00e4gare och lantbrukare f\u00f6r att minska \u00f6verg\u00f6dning och erosion. Vi \u00e4r bland annat intresserade av l\u00e4gen f\u00f6r v\u00e5tmarker och fosforf\u00e4llor f\u00f6r minskad \u00f6verg\u00f6dning, biologisk m\u00e5ngfald och \u00f6kad grundvattenbildning. Under 2020\u2026 <span class=\"read-more\"><a href=\"https:\/\/tidansvf.vattenorg.se\/?page_id=59\">L\u00e4s mer &raquo;<\/a><\/span><\/p>\n","protected":false},"author":1,"featured_media":0,"parent":56,"menu_order":0,"comment_status":"closed","ping_status":"closed","template":"","meta":{"footnotes":""},"class_list":["post-59","page","type-page","status-publish","hentry"],"_links":{"self":[{"href":"https:\/\/tidansvf.vattenorg.se\/index.php?rest_route=\/wp\/v2\/pages\/59","targetHints":{"allow":["GET"]}}],"collection":[{"href":"https:\/\/tidansvf.vattenorg.se\/index.php?rest_route=\/wp\/v2\/pages"}],"about":[{"href":"https:\/\/tidansvf.vattenorg.se\/index.php?rest_route=\/wp\/v2\/types\/page"}],"author":[{"embeddable":true,"href":"https:\/\/tidansvf.vattenorg.se\/index.php?rest_route=\/wp\/v2\/users\/1"}],"replies":[{"embeddable":true,"href":"https:\/\/tidansvf.vattenorg.se\/index.php?rest_route=%2Fwp%2Fv2%2Fcomments&post=59"}],"version-history":[{"count":32,"href":"https:\/\/tidansvf.vattenorg.se\/index.php?rest_route=\/wp\/v2\/pages\/59\/revisions"}],"predecessor-version":[{"id":753,"href":"https:\/\/tidansvf.vattenorg.se\/index.php?rest_route=\/wp\/v2\/pages\/59\/revisions\/753"}],"up":[{"embeddable":true,"href":"https:\/\/tidansvf.vattenorg.se\/index.php?rest_route=\/wp\/v2\/pages\/56"}],"wp:attachment":[{"href":"https:\/\/tidansvf.vattenorg.se\/index.php?rest_route=%2Fwp%2Fv2%2Fmedia&parent=59"}],"curies":[{"name":"wp","href":"https:\/\/api.w.org\/{rel}","templated":true}]}}