{"id":6,"date":"2019-11-25T18:09:03","date_gmt":"2019-11-25T18:09:03","guid":{"rendered":"https:\/\/tidansvf.vattenorg.se\/?page_id=6"},"modified":"2020-05-12T19:59:28","modified_gmt":"2020-05-12T19:59:28","slug":"hem","status":"publish","type":"page","link":"https:\/\/tidansvf.vattenorg.se\/","title":{"rendered":"Hem"},"content":{"rendered":"\n<h3 class=\"wp-block-heading\">V\u00e4lkommen till Tidans Vattenf\u00f6rbund <\/h3>\n\n\n\n<div class=\"wp-block-image\"><figure class=\"alignright size-large is-resized\"><img loading=\"lazy\" decoding=\"async\" src=\"https:\/\/tidansvf.vattenorg.se\/wp-content\/uploads\/2019\/11\/logga.gif\" alt=\"Logga\" class=\"wp-image-47\" width=\"75\" height=\"104\"\/><\/figure><\/div>\n\n\n\n<p>Tidans Vattenf\u00f6rbund \u00e4r en sammanslutning av intressenter och anv\u00e4ndare av vattnet i Tidans avrinningsomr\u00e5de. F\u00f6rbundet \u00e4r bildat vid f\u00f6rr\u00e4ttning enligt lagen (1976:997) om vattenf\u00f6rbund den 16 januari 1984. Sedan 2007 \u00e4r Tidans vattenf\u00f6rbund \u00e4ven vattenr\u00e5d f\u00f6r Tidan.<\/p>\n\n\n\n<p>F\u00f6rbundets medlemmar utg\u00f6rs av kommuner, markavvattningsf\u00f6retag, industrier, bevattningsintressenter, kraftproducenter, lantbruksf\u00f6retag, fiskevatten\u00e4garef\u00f6rbund, fiskev\u00e5rdsf\u00f6reningar och andra som p\u00e5verkar eller utnyttjar vattnet i avrinningsomr\u00e5det.<\/p>\n\n\n\n<hr class=\"wp-block-separator\"\/>\n\n\n\n<h5 class=\"wp-block-heading\">Aktuella aktiviteter hittar du till h\u00f6ger under Nyheter!<\/h5>\n","protected":false},"excerpt":{"rendered":"<p>V\u00e4lkommen till Tidans Vattenf\u00f6rbund Tidans Vattenf\u00f6rbund \u00e4r en sammanslutning av intressenter och anv\u00e4ndare av vattnet i Tidans avrinningsomr\u00e5de. F\u00f6rbundet \u00e4r bildat vid f\u00f6rr\u00e4ttning enligt lagen (1976:997) om vattenf\u00f6rbund den 16 januari 1984. Sedan 2007 \u00e4r Tidans vattenf\u00f6rbund \u00e4ven vattenr\u00e5d f\u00f6r Tidan. F\u00f6rbundets medlemmar utg\u00f6rs av kommuner, markavvattningsf\u00f6retag, industrier, bevattningsintressenter, kraftproducenter, lantbruksf\u00f6retag, fiskevatten\u00e4garef\u00f6rbund, fiskev\u00e5rdsf\u00f6reningar och andra\u2026 <span class=\"read-more\"><a href=\"https:\/\/tidansvf.vattenorg.se\/\">L\u00e4s mer &raquo;<\/a><\/span><\/p>\n","protected":false},"author":1,"featured_media":0,"parent":0,"menu_order":0,"comment_status":"closed","ping_status":"closed","template":"","meta":{"footnotes":""},"class_list":["post-6","page","type-page","status-publish","hentry"],"_links":{"self":[{"href":"https:\/\/tidansvf.vattenorg.se\/index.php?rest_route=\/wp\/v2\/pages\/6","targetHints":{"allow":["GET"]}}],"collection":[{"href":"https:\/\/tidansvf.vattenorg.se\/index.php?rest_route=\/wp\/v2\/pages"}],"about":[{"href":"https:\/\/tidansvf.vattenorg.se\/index.php?rest_route=\/wp\/v2\/types\/page"}],"author":[{"embeddable":true,"href":"https:\/\/tidansvf.vattenorg.se\/index.php?rest_route=\/wp\/v2\/users\/1"}],"replies":[{"embeddable":true,"href":"https:\/\/tidansvf.vattenorg.se\/index.php?rest_route=%2Fwp%2Fv2%2Fcomments&post=6"}],"version-history":[{"count":11,"href":"https:\/\/tidansvf.vattenorg.se\/index.php?rest_route=\/wp\/v2\/pages\/6\/revisions"}],"predecessor-version":[{"id":414,"href":"https:\/\/tidansvf.vattenorg.se\/index.php?rest_route=\/wp\/v2\/pages\/6\/revisions\/414"}],"wp:attachment":[{"href":"https:\/\/tidansvf.vattenorg.se\/index.php?rest_route=%2Fwp%2Fv2%2Fmedia&parent=6"}],"curies":[{"name":"wp","href":"https:\/\/api.w.org\/{rel}","templated":true}]}}